t of (2411 + (4 - (3 + 0)))/1?
2
Let d(c) = 8*c - 6. Let i be d(1). What is the tens digit of 2680/14 + i - 4/(-7)?
9
Let r(p) = 30 + 20*p - 20*p**3 - 43*p**2 + 0*p**2 + 16*p**3. Let s(l) = l**3 + 14*l**2 - 7*l - 10. Let y(o) = 2*r(o) + 7*s(o). What is the tens digit of y(11)?
1
Suppose 3*m = -3*r + 4*m, -2*m = 3*r - 9. Suppose 3*c = 113 + 64. What is the tens digit of r + (-9)/3 + c?
5
Let a(d) = 0*d**2 + 0*d + d**2 - 5*d - 107 + 101. What is the tens digit of a(11)?
6
Let m = 8 - 13. What is the tens digit of (2205/(-175))/(-1 + (-4)/m)?
6
Let u = -920 + 1698. Suppose 2*v + u = 5*c, c = -3*v + 2*v + 150. What is the hundreds digit of c?
1
Let z = -61 - -78. Suppose 2*d - 2*k - 22 = 0, 0 = d - 4*k - z - 9. What is the units digit of d?
6
Let d = 1293 + -383. What is the units digit of d?
0
Suppose -2*w - 1402 = -4*u, -5*u - w + 1725 = 2*w. Suppose 114 = 11*f - u. What is the tens digit of f?
4
Let m(d) = -97*d**3 - 18*d**2 - 12*d + 2. What is the thousands digit of m(-3)?
2
Suppose -1692 = -a - 6*d + d, -1686 = -a - 3*d. What is the thousands digit of a?
1
Let k(i) be the second derivative of 0 - 3*i**2 - 1/3*i**3 - 4*i + 1/12*i**4. What is the tens digit of k(-4)?
1
Let y(z) = -2*z + 3. Let o(g) = g + 1. Let h(m) = 6*o(m) + 2*y(m). Let x(n) = 2*n**2 - 8*n + 15. Let l be x(3). What is the tens digit of h(l)?
3
Suppose 108 = 2*c + 2*c + 4*y, -3*y = -9. What is the tens digit of c?
2
What is the tens digit of -3 + 1 + (367 - (0 + -3))?
6
Let k(j) = -12*j**3 - 2*j**2 - 36*j - 169. What is the hundreds digit of k(-6)?
5
Let g(w) = 518*w**2 + 20*w + 47. What is the tens digit of g(-2)?
7
Suppose 5*d + 8*z - 159 = 4*z, -2*z = 3*d - 97. Suppose -2*k - d = -7*k. What is the units digit of k?
7
Suppose -59 = -5*i - 19. Suppose 0 = -9*x + i*x. Suppose 4*a - 176 = -y - 3*y, -2*y - a + 87 = x. What is the units digit of y?
3
Suppose 3*f + 4*a - 1737 = 0, 3*a = 4*f - 2187 - 104. What is the tens digit of f?
7
Let q be (28 - -4) + 20/(-5). Let v = q + -25. Suppose f - 56 = -4*l, -v*f + 31 = 4*l - 25. What is the tens digit of l?
1
Let a = 24 - 20. Suppose -a*j + 126 = -50. What is the units digit of j?
4
Suppose 4*m + 3516 = 5*o, -4*o + 2553 = -2*m - 261. Suppose -7*v = -3*v, -4*w - 2*v = -o. What is the tens digit of w?
7
Suppose g = 7*g - 18. Suppose 2*c - 195 = -c - g*b, -b = 4. What is the tens digit of c?
6
What is the thousands digit of (-15)/6 + 152945/130?
1
Let b(a) = a**2 - 13*a + 25. Let f be b(9). Suppose 5*h = -3*y + 139 - 38, -h + 29 = 5*y. Let i = h + f. What is the units digit of i?
8
Suppose 281242 = 47*z + 50801. What is the tens digit of z?
0
Let i = 4 - 4. Suppose 2*t - 46 - 62 = i. What is the units digit of t?
4
Let h(p) be the third derivative of p**6/120 + 3*p**5/20 - 9*p**4/8 + 5*p**3/6 + 16*p**2. What is the units digit of h(-11)?
0
Suppose h - 3 = 17. Let b = 154 - h. What is the hundreds digit of b?
1
Let r be (154*6/16)/(5/20). Let j = 325 - r. What is the tens digit of j?
9
Suppose -3 = -r + 1. Let s = 37 + 66. Suppose -3*f + c + s = 0, -c - r*c = -2*f + 47. What is the units digit of f?
6
Suppose 0 = -339*n + 334*n + 8470. What is the tens digit of n?
9
Suppose a - 9 + 0 = 0. Let v be (-42)/a + 4/6. Let t(f) = f**2 + f. What is the units digit of t(v)?
2
Let i = -33 + 36. What is the units digit of (-1)/(2056/(-684) + i)?
1
Suppose -90 = -3*c - 4*b - 27, -5*c + 82 = -b. Let x be c*5*30/50. Suppose -3*k - 3*a + x = 0, -2*a + 6*a - 50 = -3*k. What is the tens digit of k?
1
Let a be (12/21)/((-12)/(-42)). Let l(r) = -r**2 + 44 - 43 + 3*r**a. What is the units digit of l(-2)?
9
Let k(g) = g**3 - 5*g**2 - g - 9. Let t be k(-5). Let s = t - -364. What is the hundreds digit of s?
1
Suppose 0 = -5*d + 1057 + 3113. What is the hundreds digit of d?
8
Let y = 917 + -529. What is the hundreds digit of y?
3
Let t be (28/70)/(2/740). Suppose 4*d + t = 4*p, 2*p + 3*d - 25 = p. What is the units digit of p?
4
Let s be -2 - (-1 - (-2 + 4)). What is the tens digit of s*(-2)/6 - 327/(-9)?
3
Suppose -3*n + 8*n + 71 = 2*s, -4*n + 161 = 5*s. Let x be s + 14 + -2 + 1. Suppose -4*l + x = -66. What is the tens digit of l?
2
Suppose 0 = 3*r + 2*q + 11 + 7, 5*q = -3*r - 18. Suppose 4*g - 4*y = 0, -g + 0*g = 3*y + 4. What is the tens digit of (-322)/r + g/(-3)?
5
Let a(s) = -2 - 5 + 5*s + 5*s. What is the tens digit of a(6)?
5
Suppose 0*c = -8*c + 2992. What is the hundreds digit of c?
3
What is the hundreds digit of 270/6*7163/95?
3
What is the tens digit of (-2)/(-8)*0/46 + 942?
4
Let b(f) = 2*f**3 + 42*f**2 + 60*f + 5. What is the units digit of b(-18)?
9
Let m(w) = -29*w - 11. Suppose 5*r = -3*r - 24. What is the tens digit of m(r)?
7
What is the tens digit of (733/(-2) + -6)*8/(-5)?
9
Let z = -118 - -174. What is the units digit of z?
6
Let l be 1431/12 + 6/8. Let g = l - 68. Suppose g = z + 3*z. What is the tens digit of z?
1
What is the tens digit of (25 + -1)/(4 + (-2825)/710)?
3
Suppose 6*a = 7*a - 13. Suppose a = 3*u + 16. What is the tens digit of (u - 0)/((-5)/280)?
5
Let m be 51*((-20)/6 + 4). What is the tens digit of 8/((12/m)/3)?
6
Let p = 58 - 42. Let y = 79 - p. What is the tens digit of y?
6
Suppose 14 = -m + 18. Suppose -h = -m*q - 22, -5*h + 4*q = -3 - 123. What is the tens digit of h?
2
Let j be -2*(-2)/(-6)*(-168)/16. Suppose 0 = j*x - x - 60. What is the units digit of x?
0
Let z = 1491 + -14. What is the units digit of z?
7
Let a = 434 + 662. What is the units digit of a?
6
Let u(h) = h**2 - 7*h - 2. Suppose 4*b = -8, 3*a - b = 4 + 13. Let y be u(a). Let p = y - -38. What is the tens digit of p?
2
Let y = 86 + -86. Suppose 3*n = -2*z - y*n + 285, 2*z - 306 = 4*n. What is the units digit of z?
7
Let k(o) = 111*o + 618. What is the units digit of k(20)?
8
Let p(b) = -b**3 - 13*b**2 - 6*b - 15. Let s be p(-13). What is the tens digit of (-5)/(-3*3/s)?
3
Suppose 3*x - 2*m - 17 = 0, -5*x + 0 = 4*m - 21. Suppose 3*v + 0*s - 70 = -x*s, -3*v + 2*s = -56. What is the tens digit of v?
2
What is the hundreds digit of -15*150/(-12)*(-8)/(-6)?
2
Suppose 0 = -c - 0*z - 5*z - 18, -3*c - 14 = 5*z. Let h(w) = 3*w - 6*w + 6*w + c*w + 1. What is the tens digit of h(10)?
5
Suppose -14*x + 0*x = -9926. What is the tens digit of x?
0
Let o(r) = -r**3 - 5*r**2 - 4*r - 12. Suppose -4*u - 31 - 3 = -2*j, j - 35 = 5*u. What is the tens digit of o(u)?
4
Let q = -28 - -13. Suppose 3*r - 333 = -2*d, -2*r + 320 = 5*d - 518. What is the tens digit of q/20*d/(-2)?
6
Let r = -124 + 1134. What is the hundreds digit of r?
0
Let h = -2595 - -4250. What is the hundreds digit of h?
6
Suppose -558*q + 554*q = -572. What is the tens digit of q?
4
Suppose 4*d - 2*h = -4*h + 3894, -3*d - 3*h = -2928. What is the units digit of d?
1
Let f(v) = -v**3 + 5*v**2 + 9*v - 14. Let z be f(6). Suppose z*i + 2*a - 190 = 0, -2*i = i + 2*a - 141. Suppose -27 - i = -2*j. What is the tens digit of j?
3
Let n = -105 - -195. Suppose n = -8*f + 3*f. Let p = f - -29. What is the tens digit of p?
1
Let s be 2*(-3)/10 - (-65)/25. Suppose -d - 3*f - 221 = -5*d, -s*f = -3*d + 165. What is the tens digit of d?
5
Let k = -220 - -318. Suppose -k = -h + 53. Suppose -h = -4*s + 117. What is the units digit of s?
7
Suppose 2*z = 24 + 2. Suppose z*n + 294 = 19*n. What is the tens digit of n?
4
Suppose 9*z - 651 - 2112 = 0. What is the tens digit of z?
0
Let s = 4 - 2. Let n(w) = 4*w**3 + 641*w - 646*w + 3 + 3*w**2 - 4 + 6. What is the units digit of n(s)?
9
Let f(a) = -a**3 - 22*a**2 - 73*a + 29. What is the tens digit of f(-23)?
3
Let v be (-1)/(-5) - (-21047)/65. Suppose -23*j + 19*j + v = 0. What is the units digit of j?
1
Let o be (-10228)/(-14) - 44/77. Let m = o + -464. What is the units digit of m?
6
Suppose w = 6*w + 70. Let x = 40 + w. What is the units digit of -3 + -6*x/(-3)?
9
Suppose h - 5*g - 195 = 0, -5*g = 22*h - 21*h - 225. What is the tens digit of h?
1
Suppose -2*z + 169 = -3*n, -5*z + 2*n + 241 = -2*z. Suppose 3*q = -4*m + 295, 2*m + z = -2*q + 275. What is the tens digit of q?
0
Let z(f) = f**3 + 5*f**2 + 2*f + 3. Let v be z(-4). Suppose 0 = g - 3 + v. What is the tens digit of ((-16)/(-10))/(g/(-180))?
3
Suppose 14*r + 4 = 12*r. What is the hundreds digit of r*(32 + 1)*-2?
1
Let d = 5 + 252. What is the units digit of d?
7
Suppose z + 18345 = 16*z. What is the tens digit of